). What is d(-5)?
7
Let g(b) = b**3 + 17*b**2 - 16*b + 31. Let v be 5 + -11 + -15 + 3. Give g(v).
-5
Let h(r) = -r**3 - 3*r**2 + 6*r - 4. Suppose y + 14 = -2*f, -2*f + 20 = -3*y + 18. Determine h(f).
16
Let c be 32/(-14) + 276/966. Let f(a) = -a**3 - 5*a**2 - 6*a - 3. Calculate f(c).
-3
Let a(q) = q**3 - 7*q**2 + q. Let s(u) = u**3 - 46*u**2 + 36*u + 412. Let c be s(45). Calculate a(c).
7
Let a be (-4)/(18/63 + (-68)/42). Let p(n) = 3*n**2 + 3 + 3 + 5 + a*n - 8. Determine p(-2).
9
Let s(q) = -7*q**2 + 1. Let a(v) = -v - 1. Suppose 0 = 3*k - 3 - 3. Let d(j) = -j**2 - 20*j - 18. Let x be d(-19). Let m(u) = k*a(u) + x*s(u). Give m(-1).
-6
Let r be (5 + 7 + -8)/(1/2). Suppose -r = 2*p + 16. Let h(u) = -u**2 - 11*u + 15. Give h(p).
3
Let h(u) = 5*u**3 + 2*u**2 - u - 2. Suppose 5*g + 5*m - 52 = -42, 4*g + 2*m = 0. Determine h(g).
-32
Let z = 124 + -130. Let w be (5 + (-1)/1)/((-4)/z). Let v(r) = r**2 - 6*r + 8. Calculate v(w).
8
Let t(r) = -7*r + 17*r**2 - 11 + 0 - 16*r**2 + 20. What is t(6)?
3
Let m(d) = -d - 6. Let b be m(-2). Let j be 4 - 12/(12/b). Let k(x) = x**3 - 7*x**2 - 9*x + 3. What is k(j)?
-5
Suppose -b - 259 = -8*b. Let f = b + -35. Let u(p) = -3*p. Calculate u(f).
-6
Let s = -239 - -237. Let o(m) = -20*m - 1. Determine o(s).
39
Let m(a) = -23*a - 32*a + 4 + a**2 + 62*a. Calculate m(-7).
4
Let c(s) be the first derivative of s**3/3 + 3*s**2 + 24. Suppose -6 = h + r, -r - 1 = -0*r. What is c(h)?
-5
Suppose -n + 18 = -7*w + 3*w, 4 = -2*w. Let q(x) = n*x - 36*x**2 + 3*x**3 - 2*x**3 + 14 + 27*x**2 - 22. Determine q(8).
8
Let c = 1485 - 1487. Let f(n) = 6*n**2 + 2*n + 3. What is f(c)?
23
Let j = 16 - 10. Let w(q) = -17*q**3 + 15*q**2 + 28*q - 15. Let x(s) = -12*s**3 + 10*s**2 + 19*s - 10. Let z(y) = -5*w(y) + 7*x(y). Give z(j).
-1
Let x = 61 + -57. Let a(p) = 8*p - 7 - 11 - x + 16. Determine a(4).
26
Let j(z) be the third derivative of -z**4/12 + z**3/6 - 2*z**2. Suppose -5*o = -7 - 8. Determine j(o).
-5
Let w be 3*-1 - 2 - (-15 + 18). Let v(y) = y**3 + 8*y**2 - y + 6. Calculate v(w).
14
Let b(d) be the third derivative of d**7/840 - d**6/60 + d**5/30 + d**4/12 - 4*d**3/3 - 5*d**2. Let o(p) be the first derivative of b(p). Give o(5).
-3
Let s(v) = -3*v + 1. Suppose 2*f + 2*f - 8 = 0. Suppose -5*n - 3*h = -17, -2*n - 2*h + 4 = -f. Give s(n).
-11
Let f(c) be the first derivative of c**4/12 - c**3/6 + 2*c**2 + 3*c + 10. Let k(t) be the first derivative of f(t). Determine k(3).
10
Let w(s) = -s**3 - 4*s**2 - 3. Let v be (-1)/(-4) + (-30)/(-8). Let i be (-2)/4*-3 + (-22)/v. Give w(i).
-3
Let w(k) = k**3 + k**2 + k + 1. Let v(b) = -b**3 - 8*b**2 - 2*b - 3. Let l(m) = v(m) + 2*w(m). Let h be (2 + 0)*3/1. Give l(h).
-1
Let h = 1442 + -1431. Let a(f) = -2*f + 22. Determine a(h).
0
Let l(a) = -a**2 + 4*a - 7. Let i = 1628 - 1620. Calculate l(i).
-39
Let z(t) = -4*t**2 - 5*t - 5. Let u(c) = -7*c**2 - 11*c - 8. Let l(n) = 3*u(n) - 5*z(n). Give l(-7).
8
Let y(s) = 6*s - 7*s + 1 - s. Let v(h) = -1. Let z(k) = 3*v(k) - y(k). Give z(3).
2
Let m be 0 + 0 - -1 - 0. Let p be (-133)/(-14) - m/(-2). Suppose l + p = 2*h, -h = -5*l - 2 - 3. Let n(s) = s - 7. Give n(h).
-2
Let s(l) be the second derivative of -l**3/3 - 3*l**2 + 64*l. Calculate s(-4).
2
Let r be 38/(-209) + (-48)/(-22). Let a(y) = 6 - 7*y**2 - 6*y + 14*y**2 - 8*y**r + 4. Calculate a(-7).
3
Let m(p) be the first derivative of -p**3/6 - 11*p**2/2 - 8*p + 10. Let t(a) be the first derivative of m(a). Give t(-10).
-1
Let i(q) be the first derivative of -7 + q - q**2 + 7/3*q**3. Let j be ((-4)/2 - -3) + 0. Determine i(j).
6
Let n(x) be the first derivative of x**3/3 + 9*x**2 - 9*x - 114. Determine n(-17).
-26
Let y(f) be the second derivative of -7*f**3/6 - 5*f**2/2 - 98*f. What is y(-7)?
44
Let b(n) be the first derivative of n**3/3 + 7*n**2/2 + 4*n - 1. Let z = 117 - 122. Calculate b(z).
-6
Let o = 13 - 10. Let c be (o + -5)*2*-2. Let n(w) = -5 - 11 + w + w + 4. Calculate n(c).
4
Suppose -15*g = 19*g - 170. Let y(f) = -f**3 + 6*f**2 - 5*f. Calculate y(g).
0
Suppose -132*c + 131*c - 7 = 0. Let p(x) = -x**2 - 13*x - 17. Give p(c).
25
Let w(x) = x**2 + 6*x + 4. Let v(n) = -5*n**2 - 30*n + 51. Let k(y) = 2*y**2 + 10*y - 17. Let l(d) = 8*k(d) + 3*v(d). Let i be l(7). Calculate w(i).
-4
Let n(c) = 5*c + 59. Let w = -2293 - -2280. Give n(w).
-6
Let l = -141 + 137. Let k be l/(12/(-21))*(-2)/(-2). Let h(c) = c**2 - 6*c + 2. What is h(k)?
9
Let u be 1/(-13) - (9 + 280/(-91)). Let q(z) = -3*z - 8. Calculate q(u).
10
Let w = 213 + 332. Let q(i) = -w + 548 + 2*i - 4*i. Determine q(-3).
9
Let p be ((-1)/(0 - 1))/(-1). Let z = 130 - 116. Let q(g) = -g**2 + z - 4 + 7*g**2 - 11 - g. Determine q(p).
6
Suppose 24 + 21 = 5*u. Suppose -u*l = -l + 24. Let i(s) = s**3 + 2*s**2 - 3*s - 3. Determine i(l).
-3
Let z(u) be the third derivative of -u**6/40 - u**4/24 + u**3/6 + 38*u**2. Give z(1).
-3
Let l(p) = -p**2 - 41*p - 12. Let n be l(0). Let x(s) = s**2 + 8*s - 41. Give x(n).
7
Let x(s) = -5*s**2 + 2*s - 13. Let u(o) = -4*o**2 + 2*o - 12. Let n(h) = 6*u(h) - 5*x(h). Let y be 53/(-11) - (-4)/(-22). Determine n(y).
8
Let u(s) = s**3 - 4*s**2 + 8*s + 3 - 5*s**2 - 13. Suppose -v - 5*d - 15 = 0, 3*v - 30 = 2*d - 7. Suppose 46 = 3*h - v*a - 3, -3*h + 34 = -2*a. Give u(h).
-10
Suppose 5*r - f - 27 = 25, -2*f - 4 = 0. Let b(a) = -a**3 + 10*a**2 - 7. What is b(r)?
-7
Let u(w) be the second derivative of -w**4/12 - 4*w**3/3 - 2*w**2 - w. Let v(n) = 12*n + 390. Let i be v(-33). Give u(i).
8
Let l(h) be the first derivative of -h**6/120 - h**5/20 + h**4/12 + h**3 - 11*h**2/2 - 4. Let c(b) be the second derivative of l(b). What is c(-4)?
14
Let v = -8 + 11. Let t(x) = -x - 5. Let o(y) = -y - 4. Let h be (-5 + 12)*6/(-21). Let s(n) = h*t(n) + v*o(n). Give s(-4).
2
Let q(n) be the third derivative of -n**5/60 - n**4/24 + 3*n**3/2 + 38*n**2 + 1. What is q(3)?
-3
Suppose 0 = -4*k + 4*r - 12, 5*k - 4*r = -0*k - 10. Suppose -i + 4 = -k. Suppose 9*n = 4*j + 4*n + 18, -2*j + n = i. Let z(u) = 2*u**3 - 2*u + 1. What is z(j)?
-11
Suppose 25 = -5*q - 5*w, 3*q + 9*w - 4*w = -9. Let l be (5/((-45)/12))/(q/(-12)). Let r(y) = -2*y**3 - 4*y**2 - 2*y + 1. Determine r(l).
5
Let j(u) = 6*u**3 - 16*u**2 + 4*u - 2. Let v(t) = 7*t**3 - 18*t**2 + 4*t - 3. Let w(b) = -6*j(b) + 5*v(b). Let i be ((-28)/(-10) - 2)*5. Determine w(i).
13
Let y(w) = 3*w - 2. Let x be ((-1236)/(-6))/(2/(-1)). Let k = 105 + x. Determine y(k).
4
Let o(p) be the first derivative of p**3/6 - 15*p**2/2 + 16*p - 26. Let l(i) be the first derivative of o(i). Determine l(10).
-5
Let f = -366 + 368. Let c(v) = 5*v + 0*v - 2 + 1. Determine c(f).
9
Let y(b) = b + 6. Suppose -4*v - 4*i + 18 = -v, 2*i - 6 = 0. Suppose v*j - 7*j + 5*m = -20, -3*m - 12 = 5*j. Give y(j).
6
Let s(q) = -q**2 + 8*q - 8. Let v be s(6). Suppose v*t - 25 = 23. Suppose 14 = o + t. Let p(w) = w**3 - 2*w**2 + w - 2. Determine p(o).
0
Let r(m) = m + 3. Suppose -16*u = -14*u. Let z(t) = -t. Let k be z(u). What is r(k)?
3
Let r(x) = 2*x. Let o(p) = -2*p + 1. Let v(w) = -3*o(w) - 4*r(w). What is v(-6)?
9
Let r be 20/12 - (-1)/3. Let p(g) = 0*g - r - g - g + 3*g. Calculate p(4).
2
Let l(f) = -f**3 + 5*f**2 + 4*f + 1. Suppose -7*x + 48 = x. Calculate l(x).
-11
Let p(a) = a. Suppose 33 = 3*f - 5*j + 11, 2 = f + j. Calculate p(f).
4
Let l(q) = -q**2 + q - 4. Suppose 4*d - 5*t - 27 = 0, -4*d + 3 - 6 = 5*t. Suppose 0 = -9*c + d*c + 18. What is l(c)?
-10
Let s(l) = -l**2 - 11*l - 6. Let f(c) = -c - 3. Let m be f(7). Let z be s(m). Let p(h) = z + 2*h**2 - 16*h - h**3 + 14*h + 3*h**2. Determine p(5).
-6
Let u = 85 - 85. Let a(w) = -15*w + 13. Let l(s) = 7*s - 7. Let j(d) = 6*a(d) + 13*l(d). Give j(u).
-13
Let a(n) be the first derivative of 2*n**3/3 - 4*n**2 + 3*n + 1. Suppose 4*t - 8 = -4*m, 0 = 3*t - 5*m + 468 - 498. What is a(t)?
13
Let v be (1 - 1) + (3 - 1). Let y(r) = r**3 + 11 + 3 + 2*r**2 + 6*r - 9 + v*r**2. What is y(-4)?
-19
Let k(w) be the first derivative of -2*w**2 + 34*w + 488. What is k(14)?
-22
Let h(y) = 2*y**3 + y + 1. Let j(v) = 9*v**3 - 4*v**2 + 5*v + 8. Let p(o) = -5*h(o) + j(o). Let s = -13 + 9. Give p(s).
3
Let m(w) = 19 - 2*w**2 - 9*w + 18*w - 7*w + w**2. Determine m(6).
-5
Let i(q) = -2*q**2 - 12*q + 8. Let g(o) = o**2 + 6*o - 5. Let u(m) = -11*g(m) - 6*i(m). What is u(-6)?
7
Let h be 11 - (49/7 - 3). Let g(